x - 3. Suppose -4*f = -0*f + 32. Let y be g(f). Suppose -16 - 19 = -y*q. List the prime factors of q.
7
Let k be (1*(-115)/(-1))/1. Suppose 3*a + k = 5*x, -2*a - 46 = -x - x. What are the prime factors of x?
23
Let z(o) = -o**2 - o. Let r be z(0). Suppose r = -4*h + h + 51. List the prime factors of h.
17
Let v(w) = w**2 + 6*w + 7. Let b be v(-5). Suppose -15 = -q - j, q + 5*j = -b + 37. What are the prime factors of ((-12)/10)/((-1)/q)?
2, 3
Suppose m + 28 = -3*s - 0*m, m + 4 = 0. What are the prime factors of ((-3)/2)/(4/s)?
3
Let p be (-9)/(-3) + 3 - 3. Suppose -2*q = -p*q + 12. List the prime factors of q.
2, 3
Let r(d) be the first derivative of d**3/3 - 5*d**2/2 + 5*d - 3. List the prime factors of r(6).
11
Let m(l) = 51*l**2 + 2*l + 1. What are the prime factors of m(-1)?
2, 5
Let f be (6/(-12))/(1/(-2)). List the prime factors of 3 + -3*(f + -2).
2, 3
Let p be (6/4)/(15/140). Suppose k + 0 = p. Let i = -10 + k. What are the prime factors of i?
2
Suppose -43 = -n - 5*g, -4*n + 190 = -4*g + 42. List the prime factors of n.
2, 19
Let v = 39 + -21. Suppose -3*f = -v - 21. List the prime factors of f.
13
Let y(a) = a**2 + a + 5. Let u be y(0). Suppose -13 = -u*h + 7. List the prime factors of (-2)/h + (-52)/(-8).
2, 3
Suppose 0 = 2*c + 2*c. Suppose c = -2*s - 3*s + 20. Suppose 0 = 5*g + d + 2*d - 24, 2*g = -s*d + 18. What are the prime factors of g?
3
Suppose -6 = 2*v, -v + 36 = 4*i - 5*v. Let s = 8 - i. List the prime factors of s/9 - (-96)/54.
2
Let y be ((-56)/(-20))/(1/5). Suppose 0 = 5*f - 5*d - 155, 2*f + 4*d - y - 18 = 0. Suppose -3*q + f = 2. What are the prime factors of q?
2
Let b(a) = 15 - 2*a + 2 - 10. Let d be b(-5). Let q = -6 + d. What are the prime factors of q?
11
Let a(c) = 3*c - 1. Let q be a(3). Let o = 0 + q. What are the prime factors of o?
2
Let i(g) = -g**3 - 2*g**2 + 4*g + 3. Let n be i(-3). Suppose n*o + 3*o = 6. Suppose -2*b + 18 = 2*z + o*z, 5*z = 5*b - 45. What are the prime factors of b?
3
Suppose 0 = l - 5, -l = -2*z + 3*z - 48. What are the prime factors of z?
43
Let q = 127 - 68. List the prime factors of q.
59
Suppose 3*s - 21 = 3. List the prime factors of (s/(-14))/(4/(-14)).
2
Suppose 2*d = -u - d + 56, 3 = -d. What are the prime factors of u?
5, 13
Suppose 5*m + 19 = i, -i - 6 + 4 = 2*m. Let w be (-150)/(-18) - 2/m. Suppose 0 = 2*s - 9 - w. List the prime factors of s.
3
Let a = -35 - -54. Suppose -s = -2*n - 0*n + a, 0 = n - 4*s - 13. What are the prime factors of n?
3
Suppose 471 + 937 = 11*q. What are the prime factors of q?
2
List the prime factors of (-3376)/(-56) - (-4)/(-14).
2, 3, 5
Suppose 4*n - 39 - 425 = 0. List the prime factors of n.
2, 29
Suppose -3*r + 6 = -0*r + 2*m, 5*m = -15. Let p be 2/r - 21/6. Let b(l) = -l + 2. What are the prime factors of b(p)?
5
Let l = -8 - -18. Let y be (-3 - -13)*4/l. Suppose -2 = -y*o + 5*a + 54, 70 = 5*o + 4*a. List the prime factors of o.
2, 7
Let b = 5 - -6. Let s(c) = -b + c - 2*c + 24. List the prime factors of s(8).
5
Suppose 2*w - 9 = w. Let t = 8 - 5. What are the prime factors of 168/w + 1/t?
19
Let w = 41 + -19. What are the prime factors of w?
2, 11
Suppose -3*r + 12 + 0 = 0. List the prime factors of r.
2
What are the prime factors of (-1)/(-5) - 4245/(-25)?
2, 5, 17
Let y be 3 + -3 + -7 - -1. Let a = 9 + y. What are the prime factors of a?
3
Suppose -3*h + 16 = 1. Suppose 4*p - 2*a - 92 = -0*a, 5*a - 85 = -h*p. List the prime factors of p.
3, 7
Suppose -z + 1 + 1 = k, -8 = -k + 5*z. Suppose 100 = k*a + a. Let m = a + -11. List the prime factors of m.
2, 7
Let i = -15 + 97. What are the prime factors of i?
2, 41
Let d = -136 - -138. List the prime factors of d.
2
Let x(m) = -m**2 + 10*m - 5. Let o be x(9). What are the prime factors of -52*o/(16/(-3))?
3, 13
Suppose -3*r - 3*g + 342 = 0, 4*r + 221 = 6*r - 5*g. What are the prime factors of r?
113
Let y(r) = -21*r - 1. List the prime factors of y(-1).
2, 5
Let n(t) be the first derivative of -t**4/4 - 5*t**3/3 - 3*t**2 - 2*t - 3. Let p be n(-4). List the prime factors of p*(-2 + 1)*-1.
2, 3
Let h(z) = 5*z**2 + 9. What are the prime factors of h(3)?
2, 3
Let i be (1 - -1) + (-2)/1. Suppose i*w + w - 4 = 0. What are the prime factors of w?
2
Let t = 2 - 0. Suppose -2*f - 5*x + 60 = 0, f + t*f - 3*x = 48. Suppose -f + 60 = 4*a. What are the prime factors of a?
2, 5
Suppose -31 = -3*m + b - 4, -2*b - 6 = 0. Let q(z) = m*z**2 + 4 - 7*z**2 + z**3 + 3*z**2 - 5*z. What are the prime factors of q(-5)?
2
Suppose -3*c = -7*c - 28. Let x = c - -3. List the prime factors of 24*(2/x)/(-1).
2, 3
Let v(o) = o**3 - 10*o**2 + 13*o - 8. Let y be v(8). What are the prime factors of 3/(-2)*y/6?
2
Let m(k) = 4*k**2 - 4*k - 2. List the prime factors of m(-4).
2, 3, 13
Suppose b - 6*b = 0. Suppose b = 5*a + 4*z - z - 165, a - 40 = -2*z. What are the prime factors of a?
2, 3, 5
Suppose -9*a + 4*a = -180. What are the prime factors of a?
2, 3
Let u(p) = 48*p**2 - 1. List the prime factors of u(1).
47
Suppose -10 = 2*n, 3*n - 27 = 2*h - 0*n. Suppose 5*a - 20 + 5 = 0. What are the prime factors of ((-70)/h)/(2/a)?
5
Let u be (13 - 9/3)/2. Suppose u*f = f + 48. List the prime factors of f.
2, 3
Let n = 37 + 36. Let s = -38 + n. What are the prime factors of s?
5, 7
Suppose 34 = 5*j - 226. What are the prime factors of j?
2, 13
Suppose -20 = 4*v - 4. List the prime factors of ((-2)/v)/((-7)/(-518)).
37
Let o = 56 - 35. Suppose 3*m - o = 36. List the prime factors of m.
19
List the prime factors of (2816/6)/4 - (-16)/24.
2, 59
Let l be 5 + -7 + (-5)/(-1). Suppose -3*n + 17 = y, 0*y - y + l = -4*n. What are the prime factors of y?
11
Let a be (14 + -2)/((-6)/(-4)). Let x = -16 + 11. Let t = x + a. What are the prime factors of t?
3
Let g = 2 + 1. Suppose -58 = -g*m - 13. What are the prime factors of m?
3, 5
Suppose 190 = 3*o + 2*o + 3*h, 0 = 2*h. What are the prime factors of o?
2, 19
Suppose -75 = -o - 2*o. List the prime factors of o.
5
Let x(u) = u + 8. Let w be x(-6). Suppose -j - 2 - w = 0, 0 = 3*v + 2*j - 103. What are the prime factors of v?
37
Suppose 9*h = 5*h + 12. Suppose v = 5*c + 36, 22 = v - c + h*c. Suppose -3*x + 15 + 12 = -3*l, -v = -3*x + 2*l. List the prime factors of x.
2
Let u(x) = -x + 4. Let k(z) = 2*z + 1. Let c be k(2). Let j be u(c). What are the prime factors of 7 + 0 - (-3 - j)?
3
Let u = -74 - -49. Let a = u - -54. What are the prime factors of a?
29
Let b(s) = s - 2. Let y be b(4). Let h = y + 9. What are the prime factors of h?
11
Let w(t) = t**3 - t**2 - t. Let v(g) = -30*g**3 + 20*g**2 + 20*g. Let m(n) = -3*v(n) - 60*w(n). Let h be m(1). Let z = -18 + h. List the prime factors of z.
2, 3
Suppose -5*d + 83 = 4*y, 24 = 3*d + 4*y - 21. Suppose -2*t = d + 41. Let c = -16 - t. What are the prime factors of c?
2, 7
Let r(s) = s**3 - s + 4. Let p = 5 + -5. Let z be r(p). Suppose 0 = -3*w - 3*h + 33, 4 = w + z*h - 4. What are the prime factors of w?
2, 3
Suppose -3*w = u - 5*u + 591, -w - 736 = -5*u. List the prime factors of u.
3, 7
Let n = 138 - -7. What are the prime factors of n?
5, 29
Let h = 8 - 6. Suppose 0 = h*s - 3*s - 5*x + 29, -5*x + 21 = -s. What are the prime factors of s?
2
Let j = 75 - 43. What are the prime factors of j?
2
Let l be (4 + -1)/(3/2). Let d = l - -1. What are the prime factors of d?
3
Let v(f) = -f. Let y be v(-5). Suppose -4*c = 4*j - 24 - 12, 5*j = y*c - 65. What are the prime factors of c?
11
Suppose -14 = -4*q - d, -d = 3*q - 7 - 4. Suppose 3 = 2*y - k, 5*y + q = -3*k + 2*k. What are the prime factors of 2 - 1/(-1 - y)?
3
Suppose -389 = -4*c + 83. What are the prime factors of c?
2, 59
Let d(w) = -w**2 + 3*w + 4. Let m be d(5). Let p(v) = -4*v + 21 + 6*v**2 + 22 - 49 + v**3. List the prime factors of p(m).
2, 3
Suppose 4*x + 82 = 22. List the prime factors of x/((-1)/2*2).
3, 5
Let i be (18/3 + -3)/1. Suppose -n - i*x - 2*x + 20 = 0, 10 = n - 5*x. List the prime factors of n.
3, 5
Suppose -4*t - 153 = 3*v, -5 = 4*v + 7. Let m = -21 - t. List the prime factors of m.
3, 5
Let d(n) be the second derivative of n**4/6 - n**2/2 - 2*n. What are the prime factors of d(3)?
17
Let x(o) = 8*o - 12. List the prime factors of x(5).
2, 7
Let j = 6 + 5. Let b = 20 - j. What are the prime factors of b?
3
Let s(g) = -26*g**3 + 5*g**2 + 3*g - 3. What are the prime factors of s(-2)?
3